-- phpMyAdmin SQL Dump
-- version 4.1.4
-- http://www.phpmyadmin.net
--
-- Host: 127.0.0.1
-- Generation Time: Mag 07, 2018 alle 08:59
-- Versione del server: 5.6.15-log
-- PHP Version: 5.4.24

SET SQL_MODE = "NO_AUTO_VALUE_ON_ZERO";
SET time_zone = "+00:00";


/*!40101 SET @OLD_CHARACTER_SET_CLIENT=@@CHARACTER_SET_CLIENT */;
/*!40101 SET @OLD_CHARACTER_SET_RESULTS=@@CHARACTER_SET_RESULTS */;
/*!40101 SET @OLD_COLLATION_CONNECTION=@@COLLATION_CONNECTION */;
/*!40101 SET NAMES utf8 */;

--
-- Database: `biblioteca_id`
--

-- --------------------------------------------------------

--
-- Struttura della tabella `anagrafica`
--

CREATE TABLE IF NOT EXISTS `anagrafica` (
  `Id` int(11) NOT NULL AUTO_INCREMENT,
  `CF` varchar(16) NOT NULL UNIQUE,
  `Nome` varchar(20) NOT NULL,
  `Cognome` varchar(20) NOT NULL,
  `Eta` tinyint(4) NOT NULL DEFAULT '0',
  PRIMARY KEY (`Id`)
) ENGINE=InnoDB  DEFAULT CHARSET=latin1 AUTO_INCREMENT=22 ;

--
-- Dump dei dati per la tabella `anagrafica`
--

INSERT INTO `anagrafica` (`Id`, `CF`, `Nome`, `Cognome`, `Eta`) VALUES
(1, 'AECFCHADFAHIDHEF', 'Tristano', 'Querques', 52),
(2, 'AEEHDEAEEIDIICHD', 'Grimaldo', 'Donadelli', 22),
(3, 'BFIGICCBDCDABEBG', 'Sidonia', 'Nuzzachi', 11),
(4, 'BGFCGGADHIIGEBCB', 'Raimondo', 'Leuchi', 42),
(5, 'CEHHAEBGDDABGHEH', 'Bonaldo', 'Cerrato', 44),
(6, 'CHEGBHBGEGHHGHHB', 'Antelmo', 'Ceramelli', 47),
(7, 'DFCF25A27R9875Y', 'Mario', 'Rossi', 23),
(8, 'DGGIBAIHAECBGEFC', 'Severa', 'Nuschese', 12),
(9, 'EAACEGECDDCEIEGI', 'Calogera', 'Ciampi', 21),
(10, 'EDCBCGEEBIAGBFFB', 'Geremia', 'Deioannon', 45),
(11, 'EHCDCCCFBBIFCIAE', 'Nazzaro', 'Giannoccari', 25),
(12, 'FBAICCFIDEGDFICG', 'Antonello', 'Cerello', 65),
(13, 'FDIBBDIABBEBHFDG', 'Capitolina', 'Cianferra', 32),
(14, 'GBDBDIEHGBHIEDID', 'Nicea', 'Giaquinta', 12),
(15, 'GCFGFAHGDBFBDACB', 'Odorico', 'Iaconi', 36),
(16, 'GGHGIGBBEIHHABCE', 'Oreste', 'Iagulli', 42),
(17, 'HACDBAHGGGHDHDAE', 'Niceto', 'Giardina', 75),
(18, 'HBHEIIBEGEGEEEBA', 'Galatea', 'Doni', 65),
(19, 'HCHGHGCGEAACHCHE', 'Minervina', 'Giampaolo', 25),
(20, 'IDAAGIAEAHDEGDBH', 'Lamberto', 'Fabiani', 23),
(21, 'IEBCFECIHGCDIIHI', 'Odidone', 'Iaconelli', 45);

-- --------------------------------------------------------

--
-- Struttura della tabella `libri`
--

CREATE TABLE IF NOT EXISTS `libri` (
  `Id` int(11) NOT NULL AUTO_INCREMENT,
  `Isbn` varchar(13) NOT NULL UNIQUE,
  `Titolo` varchar(100) NOT NULL,
  `Autore` varchar(50) NOT NULL,
  `Npagine` int(11) NOT NULL,
  PRIMARY KEY (`Id`)
) ENGINE=InnoDB  DEFAULT CHARSET=latin1 AUTO_INCREMENT=36 ;

--
-- Dump dei dati per la tabella `libri`
--

INSERT INTO `libri` (`Id`, `Isbn`, `Titolo`, `Autore`, `Npagine`) VALUES
(1, '88869930157', 'D Annunzio e la magia della moda', 'Sorge Paola', 227),
(2, '9788807491931', 'Una storia naturale della curiosità', 'Manguel Alberto', 117),
(3, '9788809208384', 'Dialoghi di fine secolo', 'Angela Piero', 163),
(4, '9788817008280', '1000 luoghi da vedere nella vita', 'Schultz Patricia', 232),
(5, '9788817047173', 'L uomo che vendeva il cielo', 'Battaglia Romano', 187),
(6, '9788817065429', 'Anatomie. Storia culturale del corpo umano', 'Aldersey-Williams Hugh', 248),
(7, '9788831724715', 'Ariosto: i metodi e i mondi possibili', 'Casadei Alberto', 188),
(8, '9788834415672', 'Alla scoperta del mondo', 'James Peter', 119),
(9, '9788837084165', 'Alberghi', 'Chiarabini P. Attilio', 207),
(10, '9788838931451', 'Diario londinese', 'Mazzetti Lorenza', 194),
(11, '9788841873267', '200 zuppe super', 'Lewis Sara', 245),
(12, '9788842809784', 'Introduzione all esistenzialismo', 'Abbagnano Nicola', 233),
(13, '9788845279928', 'Essenza della Spagna', 'Unamuno Miguel de', 108),
(14, '9788845280740', 'Spie e zie', 'Ginzberg Siegmund', 221),
(15, '9788845931130', 'Addio a tutto questo', 'Graves Robert', 122),
(16, '9788845931208', 'Bassani', 'White T. H.', 112),
(17, '9788854181748', 'Tutte le opere. Ediz. integrale', 'Alighieri Dante', 216),
(18, '9788858119334', 'E così vorresti fare lo scrittore', 'Culicchia Giuseppe', 199),
(19, '9788861140776', 'Adobe Photoshop Elements 5.0 e 6.0. La grande guida', 'Celano Roberto', 110),
(20, '9788861141445', 'Access avanzato. Basi di dati. Con CD-ROM', 'Vaccaro Silvia', 243),
(21, '9788861142718', 'Adobe Flash CS5 professional. La grande guida. Con DVD-ROM', 'Castrofino Nicola', 164),
(22, '9788861143029', 'Adobe Photoshop CS4. Guida pratica', 'Discardi Matteo', 197),
(23, '9788861900172', 'A piedi', 'Sabelli Fioretti Claudio', 144),
(24, '9788861929562', 'Diario di un uomo deluso', 'Barbellion W. N. P.', 155),
(25, '9788869830051', 'Fiaba per il Natale', 'Andreas-Salom', 122),
(26, '9788872161074', 'Il gatto giorno per giorno', 'Allegri Roberto', 141),
(27, '9788873804611', 'Raccontare la scienza', 'Angela Piero', 145),
(28, '9788876955136', 'Dai generi letterari all estetica dei media', 'Terzo Leonardo', 246),
(29, '9788877686640', 'Cosa trovi nell acqua', 'Orsenigo Vittorio', 189),
(30, '9788877686817', 'Teoria della cartolina', 'Lapaque', 194),
(31, '9788878197213', 'La filosofia del Rinascimento', 'Abbagnano Nicola', 134),
(32, '9788878994478', '101 ricette con la Nutella', 'Krug Roberto', 100),
(33, '9788883353277', 'Atomi & bit. Le ragioni del digitale e del multimediale', 'Mari Luca', 182),
(34, '9788883723049', 'E'' facile seguire i consigli della nonna', 'Bosso Bianca', 133),
(35, '9788884514936', 'Un po  di scienza per tutti', 'Claude', 220);



--
-- Struttura della tabella `letture`
--

CREATE TABLE IF NOT EXISTS `letture` (
  `Id` int(11) NOT NULL AUTO_INCREMENT,
  `Id_anagrafica` int(11) NOT NULL,
  `Id_libro` int(11) NOT NULL,
  `Data_inizio` date NOT NULL,
  `Data_fine` date,
  PRIMARY KEY (`Id`),
  FOREIGN KEY (Id_anagrafica) REFERENCES anagrafica(Id),
  FOREIGN KEY (Id_libro) REFERENCES libri(Id),
    CONSTRAINT `libri_constr_unique` UNIQUE
    (
        `Id_anagrafica`, `Id_libro`, `Data_inizio`
    )
) ENGINE=InnoDB  DEFAULT CHARSET=latin1 AUTO_INCREMENT=23;

-- --------------------------------------------------------

--
-- Dump dei dati per la tabella `letture`
--

INSERT INTO `letture` (`Id`, `Id_anagrafica`, `Id_libro`, `Data_inizio`) VALUES
(1,3, 8, '2018-03-14'),
(2,3, 14, '2018-03-12'),
(3,3, 16, '2018-03-04'),
(4,4, 5, '2018-03-12'),
(5,4, 13, '2018-02-12'),
(6,6, 13, '2018-03-05'),
(7,7, 1, '2018-04-10'),
(8,7, 16, '2018-03-05'),
(9,7, 24, '2018-03-13'),
(10,8, 16, '2018-03-18'),
(11,8, 18, '2018-03-30'),
(12,10, 14, '2018-04-16'),
(13,10, 32, '2018-03-11'),
(14,11, 15, '2018-02-08'),
(15,11, 17, '2017-12-04'),
(16,13, 33, '2018-03-20'),
(17,14, 29, '2018-03-06'),
(18,15, 28, '2018-04-30'),
(19,18, 19, '2018-05-01'),
(20,19, 12, '2018-04-23'),
(21,20, 29, '2018-04-23'),
(22,20, 31, '2018-04-16');


/*!40101 SET CHARACTER_SET_CLIENT=@OLD_CHARACTER_SET_CLIENT */;
/*!40101 SET CHARACTER_SET_RESULTS=@OLD_CHARACTER_SET_RESULTS */;
/*!40101 SET COLLATION_CONNECTION=@OLD_COLLATION_CONNECTION */;
